ulate the greatest common factor of c and 10.
5
Let d = -26 + 17. Let n(l) = l**2 + 3*l + 6. Let s be n(d). Suppose 8*v - 5*v = s. What is the highest common factor of v and 180?
20
Let z(w) = -33*w - 363. Let d be z(-12). Suppose 1 = c - 32. Calculate the greatest common divisor of c and d.
33
Let z(o) = -o**3 + 10*o**2 - 14*o + 6. Let q be z(8). Calculate the greatest common divisor of q and 2.
2
Suppose 3*h = -5*z + 164, z - 53 = -h - z. Let g be (-18)/h - 695/(-7). Let p be ((-9)/2)/((-2)/4). Calculate the greatest common factor of g and p.
9
Let d(l) = 4*l**2 + 4*l + 1. Suppose -5*w = 12 + 18. Let n be d(w). Calculate the highest common divisor of 11 and n.
11
Suppose 0 = 18*z + 42 - 168. Let x(r) = -12*r + 1. Let f be x(-4). What is the highest common factor of f and z?
7
Let u(x) = x**2 - 6. Let f = 14 + -17. Let d be u(f). Calculate the highest common divisor of 18 and d.
3
Let t(y) = y**2 + 7*y + 6. Let x be t(-6). Suppose x = -m + 2 + 2. Let w(a) = a**2 - 2*a. Let s be w(m). Calculate the highest common divisor of s and 88.
8
Let w(p) = p + 121. Let k be w(-7). Calculate the greatest common divisor of k and 57.
57
Let y be -383 + ((-8)/6 - (-35)/(-21)). Let t be y/(-6) + -1 - 1/3. Calculate the greatest common divisor of t and 9.
9
Let f be (3 - 3)/(-1) - -20. Let i be (-5)/f + 565/20. Let g = -27 + 97. What is the highest common divisor of g and i?
14
Suppose 0 = 11*h - 21*h + 400. Let q be h/(-50) + (-168)/(-10). Calculate the greatest common factor of 64 and q.
16
Let z = -217 + 225. Calculate the greatest common divisor of z and 376.
8
Let h(v) = -3*v + 26. Let s(y) = -y**2 - 29*y + 39*y - 5 + 2*y**2. Let d be s(-11). Let n be h(d). Calculate the highest common factor of 40 and n.
8
Let c = -609 + 640. Calculate the highest common divisor of 403 and c.
31
Let o(a) = a**3 + 3*a**2 + 4*a - 10. Suppose 3*d - 21 = 4*z, 7*z = d + 6*z - 6. Let p be o(d). What is the highest common factor of p and 28?
28
Suppose 11*g + 203 - 1391 = 0. Suppose -6*p + 0*p = -g. Calculate the greatest common divisor of p and 1.
1
Suppose 5*l + 5*d + 45 = 0, -4*l + 2*d = d + 36. Let s be (-1 + -2)*(78/l + -4). What is the greatest common divisor of 38 and s?
38
Suppose 4*x = 8, -5*v + v = x - 98. Let m be 6/(-9) + 23/3. Suppose -m*t = -4*t - v. What is the highest common factor of 88 and t?
8
Let r(d) = -d + 2. Let o = -3 - -7. Let u be r(o). Let t be (1/(-2))/(u/32). Calculate the highest common factor of 88 and t.
8
Suppose 3*b - o - 6 = o, 2*b + 5*o = 4. Suppose d - 60 = -b*d. Calculate the greatest common factor of 5 and d.
5
Suppose 17*d - 324 = 50. What is the greatest common divisor of d and 682?
22
Let w = -82 + 81. Let m be (-1 - w)/1 + 280. Calculate the greatest common factor of 28 and m.
28
Suppose -2*a - 11 = -h, h + a + a - 23 = 0. Let w = h + -14. Suppose -w*v = -37 - 35. What is the greatest common factor of v and 36?
12
Suppose 4*c - 28 = -4*x, -c + 4*x - x = -15. Let r = c + -9. Suppose r*p = 3*p - q - 147, 0 = 2*p - 3*q - 105. What is the greatest common factor of p and 16?
16
Let n(s) = s**2 + 6*s - 1. Let j = 8 - 15. Let g be n(j). Let p(h) = -2*h**2 + 86*h - 30. Let i be p(42). What is the highest common factor of g and i?
6
Suppose -7*u + 232 = u. Let h = -12 + 12. Suppose -53 = -5*x - 2*v, u = x - h*x + 5*v. What is the highest common divisor of 99 and x?
9
Let v be (-166)/(-8) + 2/8. Let w(g) = -2*g + 3 + 4 - 8. Let q be w(-4). What is the highest common factor of v and q?
7
Let w = 1 + 7. Suppose w*f = 3*f + 2*v + 95, -v = f - 26. Let s(y) = 3*y**3 - 5*y**2 - 2*y + 1. Let p be s(4). What is the highest common factor of f and p?
21
Let s be 5*(4/(-6))/(100/(-180)). Calculate the greatest common divisor of s and 26.
2
Let d be 982/7 + (-6)/21. Let a = -26 + 26. Suppose a = -9*b + 266 + 238. Calculate the highest common divisor of b and d.
28
Let s be 36/((-3 - -1)*12/(-24)). What is the greatest common factor of s and 27?
9
Let k(i) = 3*i + 13 - i**2 + 6*i - 3*i + 0*i**2. Let d be k(7). What is the greatest common divisor of 24 and d?
6
Let g(k) = k**3 + 4*k**2 - 15*k - 4. Let w be g(-6). Let q be 2/w + (-55)/(-7). Let u = 17 - q. Calculate the greatest common divisor of 63 and u.
9
Let w = -19 - 2. Let n = w - -81. What is the highest common factor of n and 15?
15
Let x be (-2)/3 - (-11050)/51. What is the highest common factor of 48 and x?
24
Suppose 16173*r = 16167*r + 144. Calculate the greatest common divisor of r and 60.
12
Let i(s) = -16*s - 51. Let n be i(-8). Let w = -45 + n. What is the highest common factor of 24 and w?
8
Suppose a + 3*a - 580 = 0. Let h = a + -54. Suppose 87 = 4*m + 5*b + 15, -2*m - 3*b = -38. Calculate the highest common factor of m and h.
13
Let n(u) = -u + 8 - 2 + 3 - 3. Let c(y) = -y**2 + 12*y - 7. Let j be c(11). Let d be n(j). Calculate the greatest common divisor of d and 3.
1
Suppose 0 = -2*d + 2*n + 18, -d + n = 3*d - 24. Calculate the greatest common factor of 45 and d.
5
Suppose t = 3*q - 412 - 254, 5*t = 0. Calculate the highest common factor of q and 74.
74
Let w(a) = -a**2 + 14*a + 185. Let u be w(22). Calculate the highest common divisor of 225 and u.
9
Suppose -s + 42 = 2*s. Let b be (-96)/s*(0 - 126). Suppose 5*l = 7*u - 3*u + b, 2*l = -5*u + 372. Calculate the greatest common factor of l and 16.
16
Suppose 0 = -10*y + 12*y - 26. Calculate the highest common divisor of 247 and y.
13
Let s(b) = b**3 - 5*b**2 + 3*b - 6. Let j be s(5). Let x = -174 - -255. Suppose 0 = -5*c + 2*c + x. Calculate the greatest common divisor of j and c.
9
Suppose 3*u - 5*v - 8 = 11, -4*u - 33 = 5*v. Let i = u - -23. What is the highest common divisor of 3 and i?
3
Suppose 17*r + 844 = 3938. Calculate the greatest common divisor of r and 273.
91
Let z = -21 - 13. Let w = z + 36. Suppose 8 = w*u - u. Calculate the greatest common divisor of u and 56.
8
Let s be (10/(-8))/((-2)/8). Suppose 0 = 4*d - s*d - 12. Let o = 13 + d. What is the highest common divisor of 7 and o?
1
Suppose 3*s + 2*f - 29 = 0, -5*s + 46 = 2*f + 3. What is the highest common divisor of s and 350?
7
Let x(y) = -y**2 + 2 + 4 - y**3 - 4 - y**2. Let f be x(0). What is the greatest common factor of 2 and f?
2
Let r be 4*14/8*27. Let g(q) = 5*q + 1. Let k be g(4). What is the greatest common divisor of r and k?
21
Suppose -5*x + 3*t + 45 = -2*t, 5*t = 4*x - 32. Calculate the greatest common divisor of x and 39.
13
Let q(k) be the first derivative of -k**4/2 - 5*k**3/3 - 3*k**2/2 + 6*k - 18. Let p be q(-4). Calculate the greatest common divisor of 6 and p.
6
Suppose 6*j = 3*j + 3. Let q be 3 + -2 + 1 + j. Calculate the highest common divisor of q and 21.
3
Let g = 278 - 208. What is the greatest common factor of 40 and g?
10
Let i(g) = 13*g**2 + 12*g - 80. Let v be i(-10). Calculate the highest common divisor of v and 88.
44
Suppose 0 = -39*d + 36*d. Suppose -z + 6*z - 60 = d. Calculate the highest common divisor of 24 and z.
12
Suppose 3*f - 58 = c, -80*c + 15 = f - 76*c. What is the highest common divisor of 361 and f?
19
Let n = -15 + 40. Suppose 0*c = 2*c - 4. Suppose c*j + 5*p = j + 10, -j - 4*p = -10. Calculate the highest common factor of j and n.
5
Let h be ((-2)/(-4))/((-5)/(-13940)). Calculate the greatest common factor of h and 82.
82
Let k(d) = d + 24. Let z(l) = 25. Let f(w) = 5*k(w) - 6*z(w). Let q be f(9). What is the greatest common divisor of q and 105?
15
Let d = 21 - 23. Let v be 1/(-2) + (-7)/d. Suppose -2*w + 240 = v*w. What is the greatest common divisor of w and 12?
12
Let k be 2/3 + (-1000)/15. Let g = 47 + k. Let m = g + 27. Calculate the greatest common divisor of m and 32.
8
Suppose -12*b + 28 = -5*b. Suppose -b*m = -835 + 35. Calculate the greatest common divisor of 40 and m.
40
Suppose -3*y = -2*y. Suppose z + y = 4. Suppose -z*r - 37 = -253. What is the greatest common divisor of 36 and r?
18
Suppose 566 = 17*w - 1763. What is the greatest common divisor of 1 and w?
1
Suppose 0 = -2*v - 8, 3*c + v + v = 40. Let b = 4 + c. Calculate the highest common factor of b and 30.
10
Let s = -21 - -24. Suppose 3*t = s*h + 48, 0 = 4*t - t + h - 32. What is the highest common divisor of t and 132?
12
Suppose 6*b = 1226 - 386. Suppose -113 + 375 = -2*m. Let j = 187 + m. What is the greatest common divisor of b and j?
28
Suppose 